{"id":2210,"date":"2024-02-22T12:11:27","date_gmt":"2024-02-22T12:11:27","guid":{"rendered":"https:\/\/almacigasociocultural.org\/?page_id=2210"},"modified":"2026-03-22T21:08:55","modified_gmt":"2026-03-22T21:08:55","slug":"residencias","status":"publish","type":"page","link":"https:\/\/almacigasociocultural.org\/index.php\/residencias\/","title":{"rendered":"RESIDENCIAS"},"content":{"rendered":"\t\t<div data-elementor-type=\"wp-page\" data-elementor-id=\"2210\" class=\"elementor elementor-2210\">\n\t\t\t\t\t\t\t\t\t<section class=\"elementor-section elementor-top-section elementor-element elementor-element-711ce6a elementor-section-boxed elementor-section-height-default elementor-section-height-default\" data-id=\"711ce6a\" data-element_type=\"section\">\n\t\t\t\t\t\t<div class=\"elementor-container elementor-column-gap-default\">\n\t\t\t\t\t<div class=\"elementor-column elementor-col-33 elementor-top-column elementor-element elementor-element-50860da\" data-id=\"50860da\" data-element_type=\"column\">\n\t\t\t<div class=\"elementor-widget-wrap elementor-element-populated\">\n\t\t\t\t\t\t\t\t<div class=\"elementor-element elementor-element-e6094e3 elementor-widget elementor-widget-text-editor\" data-id=\"e6094e3\" data-element_type=\"widget\" data-widget_type=\"text-editor.default\">\n\t\t\t\t<div class=\"elementor-widget-container\">\n\t\t\t<style>\/*! elementor - v3.12.2 - 23-04-2023 *\/\n.elementor-widget-text-editor.elementor-drop-cap-view-stacked .elementor-drop-cap{background-color:#69727d;color:#fff}.elementor-widget-text-editor.elementor-drop-cap-view-framed .elementor-drop-cap{color:#69727d;border:3px solid;background-color:transparent}.elementor-widget-text-editor:not(.elementor-drop-cap-view-default) .elementor-drop-cap{margin-top:8px}.elementor-widget-text-editor:not(.elementor-drop-cap-view-default) .elementor-drop-cap-letter{width:1em;height:1em}.elementor-widget-text-editor .elementor-drop-cap{float:left;text-align:center;line-height:1;font-size:50px}.elementor-widget-text-editor .elementor-drop-cap-letter{display:inline-block}<\/style>\t\t\t\t<h3>RESIDENCIAS ART\u00cdSTICAS<\/h3><p>Alm\u00e1ciga se propone establecer din\u00e1micas de participaci\u00f3n cultural y distribuci\u00f3n de bienes culturales en contexto rural a trav\u00e9s de sus residencias art\u00edsticas.<\/p><p>A la fecha ha realizado residencias de creaci\u00f3n, producci\u00f3n y exhibici\u00f3n art\u00edstica en Cinctorres, Provincia de Castell\u00f3n, donde han participado art\u00edstas nacionales e internacionales, y se propone continuar compartiendo experiencias art\u00edsticas en la ruralidad en los pr\u00f3ximos meses.<\/p>\t\t\t\t\t\t<\/div>\n\t\t\t\t<\/div>\n\t\t\t\t\t<\/div>\n\t\t<\/div>\n\t\t\t\t<div class=\"elementor-column elementor-col-66 elementor-top-column elementor-element elementor-element-b4d7b89\" data-id=\"b4d7b89\" data-element_type=\"column\">\n\t\t\t<div class=\"elementor-widget-wrap elementor-element-populated\">\n\t\t\t\t\t\t\t\t<div class=\"elementor-element elementor-element-bc79478 elementor-widget elementor-widget-image\" data-id=\"bc79478\" data-element_type=\"widget\" data-widget_type=\"image.default\">\n\t\t\t\t<div class=\"elementor-widget-container\">\n\t\t\t<style>\/*! elementor - v3.12.2 - 23-04-2023 *\/\n.elementor-widget-image{text-align:center}.elementor-widget-image a{display:inline-block}.elementor-widget-image a img[src$=\".svg\"]{width:48px}.elementor-widget-image img{vertical-align:middle;display:inline-block}<\/style>\t\t\t\t\t\t\t\t\t\t\t\t<img decoding=\"async\" width=\"1080\" height=\"1527\" src=\"https:\/\/almacigasociocultural.org\/wp-content\/uploads\/2024\/04\/Cartel-Expo-26NOV-D-WEB-R.jpg\" class=\"attachment-full size-full wp-image-3308\" alt=\"\" loading=\"lazy\" srcset=\"https:\/\/almacigasociocultural.org\/wp-content\/uploads\/2024\/04\/Cartel-Expo-26NOV-D-WEB-R.jpg 1080w, https:\/\/almacigasociocultural.org\/wp-content\/uploads\/2024\/04\/Cartel-Expo-26NOV-D-WEB-R-212x300.jpg 212w, https:\/\/almacigasociocultural.org\/wp-content\/uploads\/2024\/04\/Cartel-Expo-26NOV-D-WEB-R-724x1024.jpg 724w\" sizes=\"100vw\" \/>\t\t\t\t\t\t\t\t\t\t\t\t\t\t\t<\/div>\n\t\t\t\t<\/div>\n\t\t\t\t\t<\/div>\n\t\t<\/div>\n\t\t\t\t\t\t\t<\/div>\n\t\t<\/section>\n\t\t\t\t\t\t\t<\/div>\n\t\t","protected":false},"excerpt":{"rendered":"<p>RESIDENCIAS ART\u00cdSTICAS Alm\u00e1ciga se propone establecer din\u00e1micas de participaci\u00f3n cultural y distribuci\u00f3n de bienes culturales en contexto rural a trav\u00e9s de sus residencias art\u00edsticas. A la fecha ha realizado residencias de creaci\u00f3n, producci\u00f3n y exhibici\u00f3n art\u00edstica en Cinctorres, Provincia de Castell\u00f3n, donde han participado art\u00edstas nacionales e internacionales, y se propone continuar compartiendo experiencias art\u00edsticas &hellip; <\/p>\n<p class=\"link-more\"><a href=\"https:\/\/almacigasociocultural.org\/index.php\/residencias\/\" class=\"more-link\">Read more<span class=\"screen-reader-text\"> &#8220;RESIDENCIAS&#8221;<\/span><\/a><\/p>\n","protected":false},"author":1,"featured_media":0,"parent":0,"menu_order":0,"comment_status":"closed","ping_status":"closed","template":"","meta":{"_uag_custom_page_level_css":""},"uagb_featured_image_src":{"full":false,"thumbnail":false,"medium":false,"medium_large":false,"large":false,"1536x1536":false,"2048x2048":false,"inspiro-featured-image":false,"inspiro-loop":false,"inspiro-loop@2x":false},"uagb_author_info":{"display_name":"curivil","author_link":false},"uagb_comment_info":0,"uagb_excerpt":"RESIDENCIAS ART\u00cdSTICAS Alm\u00e1ciga se propone establecer din\u00e1micas de participaci\u00f3n cultural y distribuci\u00f3n de bienes culturales en contexto rural a trav\u00e9s de sus residencias art\u00edsticas. A la fecha ha realizado residencias de creaci\u00f3n, producci\u00f3n y exhibici\u00f3n art\u00edstica en Cinctorres, Provincia de Castell\u00f3n, donde han participado art\u00edstas nacionales e internacionales, y se propone continuar compartiendo experiencias art\u00edsticas&hellip;","_links":{"self":[{"href":"https:\/\/almacigasociocultural.org\/index.php\/wp-json\/wp\/v2\/pages\/2210"}],"collection":[{"href":"https:\/\/almacigasociocultural.org\/index.php\/wp-json\/wp\/v2\/pages"}],"about":[{"href":"https:\/\/almacigasociocultural.org\/index.php\/wp-json\/wp\/v2\/types\/page"}],"author":[{"embeddable":true,"href":"https:\/\/almacigasociocultural.org\/index.php\/wp-json\/wp\/v2\/users\/1"}],"replies":[{"embeddable":true,"href":"https:\/\/almacigasociocultural.org\/index.php\/wp-json\/wp\/v2\/comments?post=2210"}],"version-history":[{"count":24,"href":"https:\/\/almacigasociocultural.org\/index.php\/wp-json\/wp\/v2\/pages\/2210\/revisions"}],"predecessor-version":[{"id":3904,"href":"https:\/\/almacigasociocultural.org\/index.php\/wp-json\/wp\/v2\/pages\/2210\/revisions\/3904"}],"wp:attachment":[{"href":"https:\/\/almacigasociocultural.org\/index.php\/wp-json\/wp\/v2\/media?parent=2210"}],"curies":[{"name":"wp","href":"https:\/\/api.w.org\/{rel}","templated":true}]}}

<div data-elementor-type="wp-page" data-elementor-id="2210" class="elementor elementor-2210">
									<section class="elementor-section elementor-top-section elementor-element elementor-element-711ce6a elementor-section-boxed elementor-section-height-default elementor-section-height-default" data-id="711ce6a" data-element_type="section">
						<div class="elementor-container elementor-column-gap-default">
					<div class="elementor-column elementor-col-33 elementor-top-column elementor-element elementor-element-50860da" data-id="50860da" data-element_type="column">
			<div class="elementor-widget-wrap elementor-element-populated">
								<div class="elementor-element elementor-element-e6094e3 elementor-widget elementor-widget-text-editor" data-id="e6094e3" data-element_type="widget" data-widget_type="text-editor.default">
				<div class="elementor-widget-container">
			<style>/*! elementor - v3.12.2 - 23-04-2023 */
.elementor-widget-text-editor.elementor-drop-cap-view-stacked .elementor-drop-cap{background-color:#69727d;color:#fff}.elementor-widget-text-editor.elementor-drop-cap-view-framed .elementor-drop-cap{color:#69727d;border:3px solid;background-color:transparent}.elementor-widget-text-editor:not(.elementor-drop-cap-view-default) .elementor-drop-cap{margin-top:8px}.elementor-widget-text-editor:not(.elementor-drop-cap-view-default) .elementor-drop-cap-letter{width:1em;height:1em}.elementor-widget-text-editor .elementor-drop-cap{float:left;text-align:center;line-height:1;font-size:50px}.elementor-widget-text-editor .elementor-drop-cap-letter{display:inline-block}</style>				<h3>RESIDENCIAS ARTÍSTICAS</h3><p>Almáciga se propone establecer dinámicas de participación cultural y distribución de bienes culturales en contexto rural a través de sus residencias artísticas.</p><p>A la fecha ha realizado residencias de creación, producción y exhibición artística en Cinctorres, Provincia de Castellón, donde han participado artístas nacionales e internacionales, y se propone continuar compartiendo experiencias artísticas en la ruralidad en los próximos meses.</p>						</div>
				</div>
					</div>
		</div>
				<div class="elementor-column elementor-col-66 elementor-top-column elementor-element elementor-element-b4d7b89" data-id="b4d7b89" data-element_type="column">
			<div class="elementor-widget-wrap elementor-element-populated">
								<div class="elementor-element elementor-element-bc79478 elementor-widget elementor-widget-image" data-id="bc79478" data-element_type="widget" data-widget_type="image.default">
				<div class="elementor-widget-container">
			<style>/*! elementor - v3.12.2 - 23-04-2023 */
.elementor-widget-image{text-align:center}.elementor-widget-image a{display:inline-block}.elementor-widget-image a img[src$=".svg"]{width:48px}.elementor-widget-image img{vertical-align:middle;display:inline-block}</style>												<img decoding="async" width="1080" height="1527" src="https://almacigasociocultural.org/wp-content/uploads/2024/04/Cartel-Expo-26NOV-D-WEB-R.jpg" class="attachment-full size-full wp-image-3308" alt="" loading="lazy" srcset="https://almacigasociocultural.org/wp-content/uploads/2024/04/Cartel-Expo-26NOV-D-WEB-R.jpg 1080w, https://almacigasociocultural.org/wp-content/uploads/2024/04/Cartel-Expo-26NOV-D-WEB-R-212x300.jpg 212w, https://almacigasociocultural.org/wp-content/uploads/2024/04/Cartel-Expo-26NOV-D-WEB-R-724x1024.jpg 724w" sizes="100vw" />															</div>
				</div>
					</div>
		</div>
							</div>
		</section>
							</div>

<p>RESIDENCIAS ARTÍSTICAS Almáciga se propone establecer dinámicas de participación cultural y distribución de bienes culturales en contexto rural a través de sus residencias artísticas. A la fecha ha realizado residencias de creación, producción y exhibición artística en Cinctorres, Provincia de Castellón, donde han participado artístas nacionales e internacionales, y se propone continuar compartiendo experiencias artísticas &hellip; </p>
<p class="link-more"><a href="https://almacigasociocultural.org/index.php/residencias/" class="more-link">Read more<span class="screen-reader-text"> &#8220;RESIDENCIAS&#8221;</span></a></p>

RESIDENCIAS ARTÍSTICAS Almáciga se propone establecer dinámicas de participación cultural y distribución de bienes culturales en contexto rural a través de sus residencias artísticas. A la fecha ha realizado residencias de creación, producción y exhibición artística en Cinctorres, Provincia de Castellón, donde han participado artístas nacionales e internacionales, y se propone continuar compartiendo experiencias artísticas&hellip;
