{"id":2212,"date":"2024-02-22T12:11:47","date_gmt":"2024-02-22T12:11:47","guid":{"rendered":"https:\/\/almacigasociocultural.org\/?page_id=2212"},"modified":"2026-03-22T21:06:20","modified_gmt":"2026-03-22T21:06:20","slug":"talleres","status":"publish","type":"page","link":"https:\/\/almacigasociocultural.org\/index.php\/talleres\/","title":{"rendered":"TALLERES"},"content":{"rendered":"\t\t<div data-elementor-type=\"wp-page\" data-elementor-id=\"2212\" class=\"elementor elementor-2212\">\n\t\t\t\t\t\t\t\t\t<section class=\"elementor-section elementor-top-section elementor-element elementor-element-ffd43c1 elementor-section-boxed elementor-section-height-default elementor-section-height-default\" data-id=\"ffd43c1\" data-element_type=\"section\">\n\t\t\t\t\t\t<div class=\"elementor-container elementor-column-gap-default\">\n\t\t\t\t\t<div class=\"elementor-column elementor-col-33 elementor-top-column elementor-element elementor-element-9b221cc\" data-id=\"9b221cc\" data-element_type=\"column\">\n\t\t\t<div class=\"elementor-widget-wrap elementor-element-populated\">\n\t\t\t\t\t\t\t\t<div class=\"elementor-element elementor-element-45e3249 elementor-widget elementor-widget-text-editor\" data-id=\"45e3249\" data-element_type=\"widget\" data-widget_type=\"text-editor.default\">\n\t\t\t\t<div class=\"elementor-widget-container\">\n\t\t\t<style>\/*! elementor - v3.12.2 - 23-04-2023 *\/\n.elementor-widget-text-editor.elementor-drop-cap-view-stacked .elementor-drop-cap{background-color:#69727d;color:#fff}.elementor-widget-text-editor.elementor-drop-cap-view-framed .elementor-drop-cap{color:#69727d;border:3px solid;background-color:transparent}.elementor-widget-text-editor:not(.elementor-drop-cap-view-default) .elementor-drop-cap{margin-top:8px}.elementor-widget-text-editor:not(.elementor-drop-cap-view-default) .elementor-drop-cap-letter{width:1em;height:1em}.elementor-widget-text-editor .elementor-drop-cap{float:left;text-align:center;line-height:1;font-size:50px}.elementor-widget-text-editor .elementor-drop-cap-letter{display:inline-block}<\/style>\t\t\t\t<p>Alm\u00e1ciga realiza talleres art\u00edsticos para estimular la creatividad y la imaginaci\u00f3n a trav\u00e9s de la formaci\u00f3n en el uso de herramientas art\u00edsticas como: pintura, dibujo, volumen, escritura, fotograf\u00eda y video. Instancias abiertas al p\u00fablico general.<\/p>\n<p>M\u00e1s informaciones en el correo: almacigasociocultural@gmail.com<\/p>\t\t\t\t\t\t<\/div>\n\t\t\t\t<\/div>\n\t\t\t\t\t<\/div>\n\t\t<\/div>\n\t\t\t\t<div class=\"elementor-column elementor-col-66 elementor-top-column elementor-element elementor-element-579b05e\" data-id=\"579b05e\" data-element_type=\"column\">\n\t\t\t<div class=\"elementor-widget-wrap elementor-element-populated\">\n\t\t\t\t\t\t\t\t<div class=\"elementor-element elementor-element-5469927 elementor-widget elementor-widget-image\" data-id=\"5469927\" data-element_type=\"widget\" data-widget_type=\"image.default\">\n\t\t\t\t<div class=\"elementor-widget-container\">\n\t\t\t<style>\/*! elementor - v3.12.2 - 23-04-2023 *\/\n.elementor-widget-image{text-align:center}.elementor-widget-image a{display:inline-block}.elementor-widget-image a img[src$=\".svg\"]{width:48px}.elementor-widget-image img{vertical-align:middle;display:inline-block}<\/style>\t\t\t\t\t\t\t\t\t\t\t\t<img decoding=\"async\" width=\"950\" height=\"570\" src=\"https:\/\/almacigasociocultural.org\/wp-content\/uploads\/2024\/04\/Juegos-03-1024x614.jpg\" class=\"attachment-large size-large wp-image-3339\" alt=\"\" loading=\"lazy\" srcset=\"https:\/\/almacigasociocultural.org\/wp-content\/uploads\/2024\/04\/Juegos-03-1024x614.jpg 1024w, https:\/\/almacigasociocultural.org\/wp-content\/uploads\/2024\/04\/Juegos-03-300x180.jpg 300w, https:\/\/almacigasociocultural.org\/wp-content\/uploads\/2024\/04\/Juegos-03.jpg 1200w\" sizes=\"100vw\" \/>\t\t\t\t\t\t\t\t\t\t\t\t\t\t\t<\/div>\n\t\t\t\t<\/div>\n\t\t\t\t\t<\/div>\n\t\t<\/div>\n\t\t\t\t\t\t\t<\/div>\n\t\t<\/section>\n\t\t\t\t\t\t\t<\/div>\n\t\t","protected":false},"excerpt":{"rendered":"<p>Alm\u00e1ciga realiza talleres art\u00edsticos para estimular la creatividad y la imaginaci\u00f3n a trav\u00e9s de la formaci\u00f3n en el uso de herramientas art\u00edsticas como: pintura, dibujo, volumen, escritura, fotograf\u00eda y video. Instancias abiertas al p\u00fablico general. M\u00e1s informaciones en el correo: almacigasociocultural@gmail.com<\/p>\n","protected":false},"author":1,"featured_media":0,"parent":0,"menu_order":0,"comment_status":"closed","ping_status":"closed","template":"","meta":{"_uag_custom_page_level_css":""},"uagb_featured_image_src":{"full":false,"thumbnail":false,"medium":false,"medium_large":false,"large":false,"1536x1536":false,"2048x2048":false,"inspiro-featured-image":false,"inspiro-loop":false,"inspiro-loop@2x":false},"uagb_author_info":{"display_name":"curivil","author_link":false},"uagb_comment_info":0,"uagb_excerpt":"Alm\u00e1ciga realiza talleres art\u00edsticos para estimular la creatividad y la imaginaci\u00f3n a trav\u00e9s de la formaci\u00f3n en el uso de herramientas art\u00edsticas como: pintura, dibujo, volumen, escritura, fotograf\u00eda y video. Instancias abiertas al p\u00fablico general. M\u00e1s informaciones en el correo: almacigasociocultural@gmail.com","_links":{"self":[{"href":"https:\/\/almacigasociocultural.org\/index.php\/wp-json\/wp\/v2\/pages\/2212"}],"collection":[{"href":"https:\/\/almacigasociocultural.org\/index.php\/wp-json\/wp\/v2\/pages"}],"about":[{"href":"https:\/\/almacigasociocultural.org\/index.php\/wp-json\/wp\/v2\/types\/page"}],"author":[{"embeddable":true,"href":"https:\/\/almacigasociocultural.org\/index.php\/wp-json\/wp\/v2\/users\/1"}],"replies":[{"embeddable":true,"href":"https:\/\/almacigasociocultural.org\/index.php\/wp-json\/wp\/v2\/comments?post=2212"}],"version-history":[{"count":28,"href":"https:\/\/almacigasociocultural.org\/index.php\/wp-json\/wp\/v2\/pages\/2212\/revisions"}],"predecessor-version":[{"id":3901,"href":"https:\/\/almacigasociocultural.org\/index.php\/wp-json\/wp\/v2\/pages\/2212\/revisions\/3901"}],"wp:attachment":[{"href":"https:\/\/almacigasociocultural.org\/index.php\/wp-json\/wp\/v2\/media?parent=2212"}],"curies":[{"name":"wp","href":"https:\/\/api.w.org\/{rel}","templated":true}]}}

<div data-elementor-type="wp-page" data-elementor-id="2212" class="elementor elementor-2212">
									<section class="elementor-section elementor-top-section elementor-element elementor-element-ffd43c1 elementor-section-boxed elementor-section-height-default elementor-section-height-default" data-id="ffd43c1" data-element_type="section">
						<div class="elementor-container elementor-column-gap-default">
					<div class="elementor-column elementor-col-33 elementor-top-column elementor-element elementor-element-9b221cc" data-id="9b221cc" data-element_type="column">
			<div class="elementor-widget-wrap elementor-element-populated">
								<div class="elementor-element elementor-element-45e3249 elementor-widget elementor-widget-text-editor" data-id="45e3249" data-element_type="widget" data-widget_type="text-editor.default">
				<div class="elementor-widget-container">
			<style>/*! elementor - v3.12.2 - 23-04-2023 */
.elementor-widget-text-editor.elementor-drop-cap-view-stacked .elementor-drop-cap{background-color:#69727d;color:#fff}.elementor-widget-text-editor.elementor-drop-cap-view-framed .elementor-drop-cap{color:#69727d;border:3px solid;background-color:transparent}.elementor-widget-text-editor:not(.elementor-drop-cap-view-default) .elementor-drop-cap{margin-top:8px}.elementor-widget-text-editor:not(.elementor-drop-cap-view-default) .elementor-drop-cap-letter{width:1em;height:1em}.elementor-widget-text-editor .elementor-drop-cap{float:left;text-align:center;line-height:1;font-size:50px}.elementor-widget-text-editor .elementor-drop-cap-letter{display:inline-block}</style>				<p>Almáciga realiza talleres artísticos para estimular la creatividad y la imaginación a través de la formación en el uso de herramientas artísticas como: pintura, dibujo, volumen, escritura, fotografía y video. Instancias abiertas al público general.</p>
<p>Más informaciones en el correo: almacigasociocultural@gmail.com</p>						</div>
				</div>
					</div>
		</div>
				<div class="elementor-column elementor-col-66 elementor-top-column elementor-element elementor-element-579b05e" data-id="579b05e" data-element_type="column">
			<div class="elementor-widget-wrap elementor-element-populated">
								<div class="elementor-element elementor-element-5469927 elementor-widget elementor-widget-image" data-id="5469927" data-element_type="widget" data-widget_type="image.default">
				<div class="elementor-widget-container">
			<style>/*! elementor - v3.12.2 - 23-04-2023 */
.elementor-widget-image{text-align:center}.elementor-widget-image a{display:inline-block}.elementor-widget-image a img[src$=".svg"]{width:48px}.elementor-widget-image img{vertical-align:middle;display:inline-block}</style>												<img decoding="async" width="950" height="570" src="https://almacigasociocultural.org/wp-content/uploads/2024/04/Juegos-03-1024x614.jpg" class="attachment-large size-large wp-image-3339" alt="" loading="lazy" srcset="https://almacigasociocultural.org/wp-content/uploads/2024/04/Juegos-03-1024x614.jpg 1024w, https://almacigasociocultural.org/wp-content/uploads/2024/04/Juegos-03-300x180.jpg 300w, https://almacigasociocultural.org/wp-content/uploads/2024/04/Juegos-03.jpg 1200w" sizes="100vw" />															</div>
				</div>
					</div>
		</div>
							</div>
		</section>
							</div>

<p>Almáciga realiza talleres artísticos para estimular la creatividad y la imaginación a través de la formación en el uso de herramientas artísticas como: pintura, dibujo, volumen, escritura, fotografía y video. Instancias abiertas al público general. Más informaciones en el correo: almacigasociocultural@gmail.com</p>

Almáciga realiza talleres artísticos para estimular la creatividad y la imaginación a través de la formación en el uso de herramientas artísticas como: pintura, dibujo, volumen, escritura, fotografía y video. Instancias abiertas al público general. Más informaciones en el correo: almacigasociocultural@gmail.com
