{"id":2625,"date":"2024-03-15T09:31:26","date_gmt":"2024-03-15T09:31:26","guid":{"rendered":"https:\/\/almacigasociocultural.org\/?page_id=2625"},"modified":"2026-03-22T20:12:35","modified_gmt":"2026-03-22T20:12:35","slug":"fotografia-artistica","status":"publish","type":"page","link":"https:\/\/almacigasociocultural.org\/index.php\/fotografia-artistica\/","title":{"rendered":"Fotograf\u00eda Art\u00edstica"},"content":{"rendered":"\t\t<div data-elementor-type=\"wp-page\" data-elementor-id=\"2625\" class=\"elementor elementor-2625\">\n\t\t\t\t\t\t\t\t\t<section class=\"elementor-section elementor-top-section elementor-element elementor-element-92c19cc elementor-section-boxed elementor-section-height-default elementor-section-height-default\" data-id=\"92c19cc\" data-element_type=\"section\">\n\t\t\t\t\t\t<div class=\"elementor-container elementor-column-gap-default\">\n\t\t\t\t\t<div class=\"elementor-column elementor-col-33 elementor-top-column elementor-element elementor-element-69cff41\" data-id=\"69cff41\" data-element_type=\"column\">\n\t\t\t<div class=\"elementor-widget-wrap elementor-element-populated\">\n\t\t\t\t\t\t\t\t<div class=\"elementor-element elementor-element-dea6541 elementor-widget__width-initial elementor-widget elementor-widget-text-editor\" data-id=\"dea6541\" data-element_type=\"widget\" data-widget_type=\"text-editor.default\">\n\t\t\t\t<div class=\"elementor-widget-container\">\n\t\t\t<style>\/*! elementor - v3.12.2 - 23-04-2023 *\/\n.elementor-widget-text-editor.elementor-drop-cap-view-stacked .elementor-drop-cap{background-color:#69727d;color:#fff}.elementor-widget-text-editor.elementor-drop-cap-view-framed .elementor-drop-cap{color:#69727d;border:3px solid;background-color:transparent}.elementor-widget-text-editor:not(.elementor-drop-cap-view-default) .elementor-drop-cap{margin-top:8px}.elementor-widget-text-editor:not(.elementor-drop-cap-view-default) .elementor-drop-cap-letter{width:1em;height:1em}.elementor-widget-text-editor .elementor-drop-cap{float:left;text-align:center;line-height:1;font-size:50px}.elementor-widget-text-editor .elementor-drop-cap-letter{display:inline-block}<\/style>\t\t\t\t<p>El Taller de fotograf\u00eda art\u00edstica <strong>Rituales y Ancestras<\/strong>,\u00a0 est\u00e1 dirigido a personas que buscan desarrollar proyectos art\u00edsticos y creativos desde la fotograf\u00eda, la autobiograf\u00eda, la genealog\u00eda de mujeres, y el linaje de nuestras ancestras con la finalidad de realizar investigaci\u00f3n participativa para crear obra fotogr\u00e1fica que nos permita, tambi\u00e9n, procesar duelos, heridas, complejidades y mediante ritos fotogr\u00e1ficos honrar la memoria de quienes nos antecedieron. Imparte Gabriela Rivera Lucero.<\/p>\t\t\t\t\t\t<\/div>\n\t\t\t\t<\/div>\n\t\t\t\t\t<\/div>\n\t\t<\/div>\n\t\t\t\t<div class=\"elementor-column elementor-col-66 elementor-top-column elementor-element elementor-element-2a29e7b\" data-id=\"2a29e7b\" data-element_type=\"column\">\n\t\t\t<div class=\"elementor-widget-wrap elementor-element-populated\">\n\t\t\t\t\t\t\t\t<div class=\"elementor-element elementor-element-b0b253e elementor-arrows-position-inside elementor-widget elementor-widget-image-carousel\" data-id=\"b0b253e\" data-element_type=\"widget\" data-settings=\"{&quot;slides_to_show&quot;:&quot;1&quot;,&quot;navigation&quot;:&quot;arrows&quot;,&quot;autoplay&quot;:&quot;yes&quot;,&quot;pause_on_hover&quot;:&quot;yes&quot;,&quot;pause_on_interaction&quot;:&quot;yes&quot;,&quot;autoplay_speed&quot;:5000,&quot;infinite&quot;:&quot;yes&quot;,&quot;effect&quot;:&quot;slide&quot;,&quot;speed&quot;:500}\" data-widget_type=\"image-carousel.default\">\n\t\t\t\t<div class=\"elementor-widget-container\">\n\t\t\t<style>\/*! elementor - v3.12.2 - 23-04-2023 *\/\n.elementor-widget-image-carousel .swiper,.elementor-widget-image-carousel .swiper-container{position:static}.elementor-widget-image-carousel .swiper-container .swiper-slide figure,.elementor-widget-image-carousel .swiper .swiper-slide figure{line-height:inherit}.elementor-widget-image-carousel .swiper-slide{text-align:center}.elementor-image-carousel-wrapper:not(.swiper-container-initialized) .swiper-slide,.elementor-image-carousel-wrapper:not(.swiper-initialized) .swiper-slide{max-width:calc(100% \/ var(--e-image-carousel-slides-to-show, 3))}<\/style>\t\t<div class=\"elementor-image-carousel-wrapper swiper\" dir=\"ltr\">\n\t\t\t<div class=\"elementor-image-carousel swiper-wrapper\">\n\t\t\t\t\t\t\t\t<div class=\"swiper-slide\"><figure class=\"swiper-slide-inner\"><img decoding=\"async\" class=\"swiper-slide-image\" src=\"https:\/\/almacigasociocultural.org\/wp-content\/uploads\/2024\/03\/FotoArt-01-6x4-1.jpg\" alt=\"FotoArt 01 6x4\" \/><\/figure><\/div><div class=\"swiper-slide\"><figure class=\"swiper-slide-inner\"><img decoding=\"async\" class=\"swiper-slide-image\" src=\"https:\/\/almacigasociocultural.org\/wp-content\/uploads\/2024\/03\/FotoArt-02-6x4-1.jpg\" alt=\"FotoArt 02 6x4\" \/><\/figure><\/div><div class=\"swiper-slide\"><figure class=\"swiper-slide-inner\"><img decoding=\"async\" class=\"swiper-slide-image\" src=\"https:\/\/almacigasociocultural.org\/wp-content\/uploads\/2024\/03\/FotoArt-03-6x4-1.jpg\" alt=\"FotoArt 03 6x4\" \/><\/figure><\/div>\t\t\t<\/div>\n\t\t\t\t\t\t\t\t\t\t\t\t\t\t\t\t<div class=\"elementor-swiper-button elementor-swiper-button-prev\">\n\t\t\t\t\t\t<i aria-hidden=\"true\" class=\"eicon-chevron-left\"><\/i>\t\t\t\t\t\t<span class=\"elementor-screen-only\">Previous<\/span>\n\t\t\t\t\t<\/div>\n\t\t\t\t\t<div class=\"elementor-swiper-button elementor-swiper-button-next\">\n\t\t\t\t\t\t<i aria-hidden=\"true\" class=\"eicon-chevron-right\"><\/i>\t\t\t\t\t\t<span class=\"elementor-screen-only\">Next<\/span>\n\t\t\t\t\t<\/div>\n\t\t\t\t\t\t\t\t\t<\/div>\n\t\t\t\t<\/div>\n\t\t\t\t<\/div>\n\t\t\t\t\t<\/div>\n\t\t<\/div>\n\t\t\t\t\t\t\t<\/div>\n\t\t<\/section>\n\t\t\t\t<section class=\"elementor-section elementor-top-section elementor-element elementor-element-b501a30 elementor-section-boxed elementor-section-height-default elementor-section-height-default\" data-id=\"b501a30\" data-element_type=\"section\">\n\t\t\t\t\t\t<div class=\"elementor-container elementor-column-gap-default\">\n\t\t\t\t\t<div class=\"elementor-column elementor-col-50 elementor-top-column elementor-element elementor-element-a3c13a7\" data-id=\"a3c13a7\" data-element_type=\"column\">\n\t\t\t<div class=\"elementor-widget-wrap elementor-element-populated\">\n\t\t\t\t\t\t\t\t<div class=\"elementor-element elementor-element-6605d14 elementor-widget elementor-widget-text-editor\" data-id=\"6605d14\" data-element_type=\"widget\" data-widget_type=\"text-editor.default\">\n\t\t\t\t<div class=\"elementor-widget-container\">\n\t\t\t\t\t\t\t<p><strong>Rituales y Ancestras,<\/strong> consiste de cuatro sesiones te\u00f3rico-pr\u00e1cticas (formato h\u00edbrido) de an\u00e1lisis y creaci\u00f3n de obra fotogr\u00e1fica, donde revisaremos a artistas visuales y fot\u00f3grafas que aborden su producci\u00f3n desde los cruces entre biograf\u00eda, enfoque de g\u00e9nero y memoria. Las autoras que visualizaremos corresponden a fot\u00f3grafas con producci\u00f3n desde siglo XIX a la actualidad, principalmente desde Abya Yala y del Sur Global que trabajan desde una perspectiva antipatriarcal y decolonial.<\/p><p>Se desarrollar\u00e1 obra fotogr\u00e1fica tomando como punto de partida lo analizado en las sesiones. Posteriormente realizaremos una exhibici\u00f3n y una publicaci\u00f3n digital.<\/p>\t\t\t\t\t\t<\/div>\n\t\t\t\t<\/div>\n\t\t\t\t\t<\/div>\n\t\t<\/div>\n\t\t\t\t<div class=\"elementor-column elementor-col-50 elementor-top-column elementor-element elementor-element-8cab4c0\" data-id=\"8cab4c0\" data-element_type=\"column\">\n\t\t\t<div class=\"elementor-widget-wrap elementor-element-populated\">\n\t\t\t\t\t\t\t\t<div class=\"elementor-element elementor-element-6c261ea elementor-widget elementor-widget-image\" data-id=\"6c261ea\" data-element_type=\"widget\" data-widget_type=\"image.default\">\n\t\t\t\t<div class=\"elementor-widget-container\">\n\t\t\t<style>\/*! elementor - v3.12.2 - 23-04-2023 *\/\n.elementor-widget-image{text-align:center}.elementor-widget-image a{display:inline-block}.elementor-widget-image a img[src$=\".svg\"]{width:48px}.elementor-widget-image img{vertical-align:middle;display:inline-block}<\/style>\t\t\t\t\t\t\t\t\t\t\t\t<img decoding=\"async\" width=\"600\" height=\"400\" src=\"https:\/\/almacigasociocultural.org\/wp-content\/uploads\/2024\/03\/FotoArt-04-6x4-1.jpg\" class=\"attachment-full size-full wp-image-2881\" alt=\"\" loading=\"lazy\" srcset=\"https:\/\/almacigasociocultural.org\/wp-content\/uploads\/2024\/03\/FotoArt-04-6x4-1.jpg 600w, https:\/\/almacigasociocultural.org\/wp-content\/uploads\/2024\/03\/FotoArt-04-6x4-1-300x200.jpg 300w\" sizes=\"100vw\" \/>\t\t\t\t\t\t\t\t\t\t\t\t\t\t\t<\/div>\n\t\t\t\t<\/div>\n\t\t\t\t\t<\/div>\n\t\t<\/div>\n\t\t\t\t\t\t\t<\/div>\n\t\t<\/section>\n\t\t\t\t<section class=\"elementor-section elementor-top-section elementor-element elementor-element-3b647dc elementor-section-boxed elementor-section-height-default elementor-section-height-default\" data-id=\"3b647dc\" data-element_type=\"section\">\n\t\t\t\t\t\t<div class=\"elementor-container elementor-column-gap-default\">\n\t\t\t\t\t<div class=\"elementor-column elementor-col-50 elementor-top-column elementor-element elementor-element-7448c7e\" data-id=\"7448c7e\" data-element_type=\"column\">\n\t\t\t<div class=\"elementor-widget-wrap elementor-element-populated\">\n\t\t\t\t\t\t\t\t<div class=\"elementor-element elementor-element-a21ab40 elementor-widget elementor-widget-text-editor\" data-id=\"a21ab40\" data-element_type=\"widget\" data-widget_type=\"text-editor.default\">\n\t\t\t\t<div class=\"elementor-widget-container\">\n\t\t\t\t\t\t\t<p>Si quieres m\u00e1s informaci\u00f3n escr\u00edbenos al email: almacigasociocultural@gmail.com<\/p>\t\t\t\t\t\t<\/div>\n\t\t\t\t<\/div>\n\t\t\t\t\t<\/div>\n\t\t<\/div>\n\t\t\t\t<div class=\"elementor-column elementor-col-50 elementor-top-column elementor-element elementor-element-bf78414\" data-id=\"bf78414\" data-element_type=\"column\">\n\t\t\t<div class=\"elementor-widget-wrap\">\n\t\t\t\t\t\t\t\t\t<\/div>\n\t\t<\/div>\n\t\t\t\t\t\t\t<\/div>\n\t\t<\/section>\n\t\t\t\t\t\t\t<\/div>\n\t\t","protected":false},"excerpt":{"rendered":"<p>El Taller de fotograf\u00eda art\u00edstica Rituales y Ancestras,\u00a0 est\u00e1 dirigido a personas que buscan desarrollar proyectos art\u00edsticos y creativos desde la fotograf\u00eda, la autobiograf\u00eda, la genealog\u00eda de mujeres, y el linaje de nuestras ancestras con la finalidad de realizar investigaci\u00f3n participativa para crear obra fotogr\u00e1fica que nos permita, tambi\u00e9n, procesar duelos, heridas, complejidades y mediante &hellip; <\/p>\n<p class=\"link-more\"><a href=\"https:\/\/almacigasociocultural.org\/index.php\/fotografia-artistica\/\" class=\"more-link\">Read more<span class=\"screen-reader-text\"> &#8220;Fotograf\u00eda Art\u00edstica&#8221;<\/span><\/a><\/p>\n","protected":false},"author":1,"featured_media":0,"parent":0,"menu_order":0,"comment_status":"closed","ping_status":"closed","template":"","meta":{"_uag_custom_page_level_css":""},"uagb_featured_image_src":{"full":false,"thumbnail":false,"medium":false,"medium_large":false,"large":false,"1536x1536":false,"2048x2048":false,"inspiro-featured-image":false,"inspiro-loop":false,"inspiro-loop@2x":false},"uagb_author_info":{"display_name":"curivil","author_link":false},"uagb_comment_info":0,"uagb_excerpt":"El Taller de fotograf\u00eda art\u00edstica Rituales y Ancestras,\u00a0 est\u00e1 dirigido a personas que buscan desarrollar proyectos art\u00edsticos y creativos desde la fotograf\u00eda, la autobiograf\u00eda, la genealog\u00eda de mujeres, y el linaje de nuestras ancestras con la finalidad de realizar investigaci\u00f3n participativa para crear obra fotogr\u00e1fica que nos permita, tambi\u00e9n, procesar duelos, heridas, complejidades y mediante&hellip;","_links":{"self":[{"href":"https:\/\/almacigasociocultural.org\/index.php\/wp-json\/wp\/v2\/pages\/2625"}],"collection":[{"href":"https:\/\/almacigasociocultural.org\/index.php\/wp-json\/wp\/v2\/pages"}],"about":[{"href":"https:\/\/almacigasociocultural.org\/index.php\/wp-json\/wp\/v2\/types\/page"}],"author":[{"embeddable":true,"href":"https:\/\/almacigasociocultural.org\/index.php\/wp-json\/wp\/v2\/users\/1"}],"replies":[{"embeddable":true,"href":"https:\/\/almacigasociocultural.org\/index.php\/wp-json\/wp\/v2\/comments?post=2625"}],"version-history":[{"count":36,"href":"https:\/\/almacigasociocultural.org\/index.php\/wp-json\/wp\/v2\/pages\/2625\/revisions"}],"predecessor-version":[{"id":3877,"href":"https:\/\/almacigasociocultural.org\/index.php\/wp-json\/wp\/v2\/pages\/2625\/revisions\/3877"}],"wp:attachment":[{"href":"https:\/\/almacigasociocultural.org\/index.php\/wp-json\/wp\/v2\/media?parent=2625"}],"curies":[{"name":"wp","href":"https:\/\/api.w.org\/{rel}","templated":true}]}}

Fotografía Artística

<div data-elementor-type="wp-page" data-elementor-id="2625" class="elementor elementor-2625">
									<section class="elementor-section elementor-top-section elementor-element elementor-element-92c19cc elementor-section-boxed elementor-section-height-default elementor-section-height-default" data-id="92c19cc" data-element_type="section">
						<div class="elementor-container elementor-column-gap-default">
					<div class="elementor-column elementor-col-33 elementor-top-column elementor-element elementor-element-69cff41" data-id="69cff41" data-element_type="column">
			<div class="elementor-widget-wrap elementor-element-populated">
								<div class="elementor-element elementor-element-dea6541 elementor-widget__width-initial elementor-widget elementor-widget-text-editor" data-id="dea6541" data-element_type="widget" data-widget_type="text-editor.default">
				<div class="elementor-widget-container">
			<style>/*! elementor - v3.12.2 - 23-04-2023 */
.elementor-widget-text-editor.elementor-drop-cap-view-stacked .elementor-drop-cap{background-color:#69727d;color:#fff}.elementor-widget-text-editor.elementor-drop-cap-view-framed .elementor-drop-cap{color:#69727d;border:3px solid;background-color:transparent}.elementor-widget-text-editor:not(.elementor-drop-cap-view-default) .elementor-drop-cap{margin-top:8px}.elementor-widget-text-editor:not(.elementor-drop-cap-view-default) .elementor-drop-cap-letter{width:1em;height:1em}.elementor-widget-text-editor .elementor-drop-cap{float:left;text-align:center;line-height:1;font-size:50px}.elementor-widget-text-editor .elementor-drop-cap-letter{display:inline-block}</style>				<p>El Taller de fotografía artística <strong>Rituales y Ancestras</strong>,  está dirigido a personas que buscan desarrollar proyectos artísticos y creativos desde la fotografía, la autobiografía, la genealogía de mujeres, y el linaje de nuestras ancestras con la finalidad de realizar investigación participativa para crear obra fotográfica que nos permita, también, procesar duelos, heridas, complejidades y mediante ritos fotográficos honrar la memoria de quienes nos antecedieron. Imparte Gabriela Rivera Lucero.</p>						</div>
				</div>
					</div>
		</div>
				<div class="elementor-column elementor-col-66 elementor-top-column elementor-element elementor-element-2a29e7b" data-id="2a29e7b" data-element_type="column">
			<div class="elementor-widget-wrap elementor-element-populated">
								<div class="elementor-element elementor-element-b0b253e elementor-arrows-position-inside elementor-widget elementor-widget-image-carousel" data-id="b0b253e" data-element_type="widget" data-settings="{&quot;slides_to_show&quot;:&quot;1&quot;,&quot;navigation&quot;:&quot;arrows&quot;,&quot;autoplay&quot;:&quot;yes&quot;,&quot;pause_on_hover&quot;:&quot;yes&quot;,&quot;pause_on_interaction&quot;:&quot;yes&quot;,&quot;autoplay_speed&quot;:5000,&quot;infinite&quot;:&quot;yes&quot;,&quot;effect&quot;:&quot;slide&quot;,&quot;speed&quot;:500}" data-widget_type="image-carousel.default">
				<div class="elementor-widget-container">
			<style>/*! elementor - v3.12.2 - 23-04-2023 */
.elementor-widget-image-carousel .swiper,.elementor-widget-image-carousel .swiper-container{position:static}.elementor-widget-image-carousel .swiper-container .swiper-slide figure,.elementor-widget-image-carousel .swiper .swiper-slide figure{line-height:inherit}.elementor-widget-image-carousel .swiper-slide{text-align:center}.elementor-image-carousel-wrapper:not(.swiper-container-initialized) .swiper-slide,.elementor-image-carousel-wrapper:not(.swiper-initialized) .swiper-slide{max-width:calc(100% / var(--e-image-carousel-slides-to-show, 3))}</style>		<div class="elementor-image-carousel-wrapper swiper" dir="ltr">
			<div class="elementor-image-carousel swiper-wrapper">
								<div class="swiper-slide"><figure class="swiper-slide-inner"><img decoding="async" class="swiper-slide-image" src="https://almacigasociocultural.org/wp-content/uploads/2024/03/FotoArt-01-6x4-1.jpg" alt="FotoArt 01 6x4" /></figure></div><div class="swiper-slide"><figure class="swiper-slide-inner"><img decoding="async" class="swiper-slide-image" src="https://almacigasociocultural.org/wp-content/uploads/2024/03/FotoArt-02-6x4-1.jpg" alt="FotoArt 02 6x4" /></figure></div><div class="swiper-slide"><figure class="swiper-slide-inner"><img decoding="async" class="swiper-slide-image" src="https://almacigasociocultural.org/wp-content/uploads/2024/03/FotoArt-03-6x4-1.jpg" alt="FotoArt 03 6x4" /></figure></div>			</div>
																<div class="elementor-swiper-button elementor-swiper-button-prev">
						<i aria-hidden="true" class="eicon-chevron-left"></i>						<span class="elementor-screen-only">Previous</span>
					</div>
					<div class="elementor-swiper-button elementor-swiper-button-next">
						<i aria-hidden="true" class="eicon-chevron-right"></i>						<span class="elementor-screen-only">Next</span>
					</div>
									</div>
				</div>
				</div>
					</div>
		</div>
							</div>
		</section>
				<section class="elementor-section elementor-top-section elementor-element elementor-element-b501a30 elementor-section-boxed elementor-section-height-default elementor-section-height-default" data-id="b501a30" data-element_type="section">
						<div class="elementor-container elementor-column-gap-default">
					<div class="elementor-column elementor-col-50 elementor-top-column elementor-element elementor-element-a3c13a7" data-id="a3c13a7" data-element_type="column">
			<div class="elementor-widget-wrap elementor-element-populated">
								<div class="elementor-element elementor-element-6605d14 elementor-widget elementor-widget-text-editor" data-id="6605d14" data-element_type="widget" data-widget_type="text-editor.default">
				<div class="elementor-widget-container">
							<p><strong>Rituales y Ancestras,</strong> consiste de cuatro sesiones teórico-prácticas (formato híbrido) de análisis y creación de obra fotográfica, donde revisaremos a artistas visuales y fotógrafas que aborden su producción desde los cruces entre biografía, enfoque de género y memoria. Las autoras que visualizaremos corresponden a fotógrafas con producción desde siglo XIX a la actualidad, principalmente desde Abya Yala y del Sur Global que trabajan desde una perspectiva antipatriarcal y decolonial.</p><p>Se desarrollará obra fotográfica tomando como punto de partida lo analizado en las sesiones. Posteriormente realizaremos una exhibición y una publicación digital.</p>						</div>
				</div>
					</div>
		</div>
				<div class="elementor-column elementor-col-50 elementor-top-column elementor-element elementor-element-8cab4c0" data-id="8cab4c0" data-element_type="column">
			<div class="elementor-widget-wrap elementor-element-populated">
								<div class="elementor-element elementor-element-6c261ea elementor-widget elementor-widget-image" data-id="6c261ea" data-element_type="widget" data-widget_type="image.default">
				<div class="elementor-widget-container">
			<style>/*! elementor - v3.12.2 - 23-04-2023 */
.elementor-widget-image{text-align:center}.elementor-widget-image a{display:inline-block}.elementor-widget-image a img[src$=".svg"]{width:48px}.elementor-widget-image img{vertical-align:middle;display:inline-block}</style>												<img decoding="async" width="600" height="400" src="https://almacigasociocultural.org/wp-content/uploads/2024/03/FotoArt-04-6x4-1.jpg" class="attachment-full size-full wp-image-2881" alt="" loading="lazy" srcset="https://almacigasociocultural.org/wp-content/uploads/2024/03/FotoArt-04-6x4-1.jpg 600w, https://almacigasociocultural.org/wp-content/uploads/2024/03/FotoArt-04-6x4-1-300x200.jpg 300w" sizes="100vw" />															</div>
				</div>
					</div>
		</div>
							</div>
		</section>
				<section class="elementor-section elementor-top-section elementor-element elementor-element-3b647dc elementor-section-boxed elementor-section-height-default elementor-section-height-default" data-id="3b647dc" data-element_type="section">
						<div class="elementor-container elementor-column-gap-default">
					<div class="elementor-column elementor-col-50 elementor-top-column elementor-element elementor-element-7448c7e" data-id="7448c7e" data-element_type="column">
			<div class="elementor-widget-wrap elementor-element-populated">
								<div class="elementor-element elementor-element-a21ab40 elementor-widget elementor-widget-text-editor" data-id="a21ab40" data-element_type="widget" data-widget_type="text-editor.default">
				<div class="elementor-widget-container">
							<p>Si quieres más información escríbenos al email: almacigasociocultural@gmail.com</p>						</div>
				</div>
					</div>
		</div>
				<div class="elementor-column elementor-col-50 elementor-top-column elementor-element elementor-element-bf78414" data-id="bf78414" data-element_type="column">
			<div class="elementor-widget-wrap">
									</div>
		</div>
							</div>
		</section>
							</div>

<p>El Taller de fotografía artística Rituales y Ancestras,  está dirigido a personas que buscan desarrollar proyectos artísticos y creativos desde la fotografía, la autobiografía, la genealogía de mujeres, y el linaje de nuestras ancestras con la finalidad de realizar investigación participativa para crear obra fotográfica que nos permita, también, procesar duelos, heridas, complejidades y mediante &hellip; </p>
<p class="link-more"><a href="https://almacigasociocultural.org/index.php/fotografia-artistica/" class="more-link">Read more<span class="screen-reader-text"> &#8220;Fotografía Artística&#8221;</span></a></p>

El Taller de fotografía artística Rituales y Ancestras,  está dirigido a personas que buscan desarrollar proyectos artísticos y creativos desde la fotografía, la autobiografía, la genealogía de mujeres, y el linaje de nuestras ancestras con la finalidad de realizar investigación participativa para crear obra fotográfica que nos permita, también, procesar duelos, heridas, complejidades y mediante&hellip;
