{"id":2763,"date":"2024-03-19T14:02:37","date_gmt":"2024-03-19T14:02:37","guid":{"rendered":"https:\/\/almacigasociocultural.org\/?page_id=2763"},"modified":"2024-03-19T17:45:39","modified_gmt":"2024-03-19T17:45:39","slug":"moradas-textiles-r","status":"publish","type":"page","link":"https:\/\/almacigasociocultural.org\/index.php\/moradas-textiles-r\/","title":{"rendered":"MORADAS"},"content":{"rendered":"\t\t<div data-elementor-type=\"wp-page\" data-elementor-id=\"2763\" class=\"elementor elementor-2763\">\n\t\t\t\t\t\t\t\t\t<section class=\"elementor-section elementor-top-section elementor-element elementor-element-0e3f8dd elementor-section-boxed elementor-section-height-default elementor-section-height-default\" data-id=\"0e3f8dd\" data-element_type=\"section\">\n\t\t\t\t\t\t<div class=\"elementor-container elementor-column-gap-default\">\n\t\t\t\t\t<div class=\"elementor-column elementor-col-66 elementor-top-column elementor-element elementor-element-d9f07db\" data-id=\"d9f07db\" data-element_type=\"column\">\n\t\t\t<div class=\"elementor-widget-wrap elementor-element-populated\">\n\t\t\t\t\t\t\t\t<div class=\"elementor-element elementor-element-a8fcaaa elementor-arrows-position-inside elementor-pagination-position-outside elementor-widget elementor-widget-image-carousel\" data-id=\"a8fcaaa\" data-element_type=\"widget\" data-settings=\"{&quot;slides_to_show&quot;:&quot;1&quot;,&quot;navigation&quot;:&quot;both&quot;,&quot;autoplay&quot;:&quot;yes&quot;,&quot;pause_on_hover&quot;:&quot;yes&quot;,&quot;pause_on_interaction&quot;:&quot;yes&quot;,&quot;autoplay_speed&quot;:5000,&quot;infinite&quot;:&quot;yes&quot;,&quot;effect&quot;:&quot;slide&quot;,&quot;speed&quot;:500}\" data-widget_type=\"image-carousel.default\">\n\t\t\t\t<div class=\"elementor-widget-container\">\n\t\t\t<style>\/*! elementor - v3.12.2 - 23-04-2023 *\/\n.elementor-widget-image-carousel .swiper,.elementor-widget-image-carousel .swiper-container{position:static}.elementor-widget-image-carousel .swiper-container .swiper-slide figure,.elementor-widget-image-carousel .swiper .swiper-slide figure{line-height:inherit}.elementor-widget-image-carousel .swiper-slide{text-align:center}.elementor-image-carousel-wrapper:not(.swiper-container-initialized) .swiper-slide,.elementor-image-carousel-wrapper:not(.swiper-initialized) .swiper-slide{max-width:calc(100% \/ var(--e-image-carousel-slides-to-show, 3))}<\/style>\t\t<div class=\"elementor-image-carousel-wrapper swiper\" dir=\"ltr\">\n\t\t\t<div class=\"elementor-image-carousel swiper-wrapper\">\n\t\t\t\t\t\t\t\t<div class=\"swiper-slide\"><figure class=\"swiper-slide-inner\"><img decoding=\"async\" class=\"swiper-slide-image\" src=\"https:\/\/almacigasociocultural.org\/wp-content\/uploads\/2024\/03\/Cartel-02-6x4-1.jpg\" alt=\"Cartel 02 6x4\" \/><\/figure><\/div><div class=\"swiper-slide\"><figure class=\"swiper-slide-inner\"><img decoding=\"async\" class=\"swiper-slide-image\" src=\"https:\/\/almacigasociocultural.org\/wp-content\/uploads\/2024\/03\/Cartel-01-6x4-1.jpg\" alt=\"Cartel 01 6x4\" \/><\/figure><\/div>\t\t\t<\/div>\n\t\t\t\t\t\t\t\t\t\t\t\t<div class=\"swiper-pagination\"><\/div>\n\t\t\t\t\t\t\t\t\t\t\t\t\t<div class=\"elementor-swiper-button elementor-swiper-button-prev\">\n\t\t\t\t\t\t<i aria-hidden=\"true\" class=\"eicon-chevron-left\"><\/i>\t\t\t\t\t\t<span class=\"elementor-screen-only\">Previous<\/span>\n\t\t\t\t\t<\/div>\n\t\t\t\t\t<div class=\"elementor-swiper-button elementor-swiper-button-next\">\n\t\t\t\t\t\t<i aria-hidden=\"true\" class=\"eicon-chevron-right\"><\/i>\t\t\t\t\t\t<span class=\"elementor-screen-only\">Next<\/span>\n\t\t\t\t\t<\/div>\n\t\t\t\t\t\t\t\t\t<\/div>\n\t\t\t\t<\/div>\n\t\t\t\t<\/div>\n\t\t\t\t\t<\/div>\n\t\t<\/div>\n\t\t\t\t<div class=\"elementor-column elementor-col-33 elementor-top-column elementor-element elementor-element-fa2f017\" data-id=\"fa2f017\" data-element_type=\"column\">\n\t\t\t<div class=\"elementor-widget-wrap elementor-element-populated\">\n\t\t\t\t\t\t\t\t<div class=\"elementor-element elementor-element-71fc363 elementor-widget elementor-widget-text-editor\" data-id=\"71fc363\" data-element_type=\"widget\" data-widget_type=\"text-editor.default\">\n\t\t\t\t<div class=\"elementor-widget-container\">\n\t\t\t<style>\/*! elementor - v3.12.2 - 23-04-2023 *\/\n.elementor-widget-text-editor.elementor-drop-cap-view-stacked .elementor-drop-cap{background-color:#69727d;color:#fff}.elementor-widget-text-editor.elementor-drop-cap-view-framed .elementor-drop-cap{color:#69727d;border:3px solid;background-color:transparent}.elementor-widget-text-editor:not(.elementor-drop-cap-view-default) .elementor-drop-cap{margin-top:8px}.elementor-widget-text-editor:not(.elementor-drop-cap-view-default) .elementor-drop-cap-letter{width:1em;height:1em}.elementor-widget-text-editor .elementor-drop-cap{float:left;text-align:center;line-height:1;font-size:50px}.elementor-widget-text-editor .elementor-drop-cap-letter{display:inline-block}<\/style>\t\t\t\t<p><strong>Moradas Textiles<\/strong>, reuni\u00f3 a personas diversas en un espacio de cuidados, de manera de poder compartir experiencias migratorias, alegr\u00edas y desaf\u00edos en el nuevo territorio cultural, geogr\u00e1fico y emocional.<\/p><p>Posteriormente, se investig\u00f3 de manera participativa junto a las asistentes los diferentes procesos de confecci\u00f3n de mu\u00f1ecas\/os, as\u00ed como, otras t\u00e9cnicas que ellas han conocido como herencia de sus familias y propias culturas. Este proceso creativo permiti\u00f3 desarrollar al m\u00e1ximo la reflexi\u00f3n y la empat\u00eda en un ambiente positivo para compartir t\u00e9cnicas y saberes en el di\u00e1logo permanente, y cont\u00f3 con la mediaci\u00f3n de las profesionales de Alm\u00e1ciga. Finalmente, se propone elaborar una mu\u00f1eca quitapenas con telas m\u00e1s org\u00e1nicas, nobles y con poco tratamiento industrial. Y se ha te\u00f1ido los textiles con tintes naturales de origen vegetal.<\/p>\t\t\t\t\t\t<\/div>\n\t\t\t\t<\/div>\n\t\t\t\t\t<\/div>\n\t\t<\/div>\n\t\t\t\t\t\t\t<\/div>\n\t\t<\/section>\n\t\t\t\t\t\t\t<\/div>\n\t\t","protected":false},"excerpt":{"rendered":"<p>Anterior Siguiente Moradas Textiles, reuni\u00f3 a personas diversas en un espacio de cuidados, de manera de poder compartir experiencias migratorias, alegr\u00edas y desaf\u00edos en el nuevo territorio cultural, geogr\u00e1fico y emocional. Posteriormente, se investig\u00f3 de manera participativa junto a las asistentes los diferentes procesos de confecci\u00f3n de mu\u00f1ecas\/os, as\u00ed como, otras t\u00e9cnicas que ellas han &hellip; <\/p>\n<p class=\"link-more\"><a href=\"https:\/\/almacigasociocultural.org\/index.php\/moradas-textiles-r\/\" class=\"more-link\">Read more<span class=\"screen-reader-text\"> &#8220;MORADAS&#8221;<\/span><\/a><\/p>\n","protected":false},"author":1,"featured_media":0,"parent":0,"menu_order":0,"comment_status":"closed","ping_status":"closed","template":"","meta":{"_uag_custom_page_level_css":""},"uagb_featured_image_src":{"full":false,"thumbnail":false,"medium":false,"medium_large":false,"large":false,"1536x1536":false,"2048x2048":false,"inspiro-featured-image":false,"inspiro-loop":false,"inspiro-loop@2x":false},"uagb_author_info":{"display_name":"curivil","author_link":false},"uagb_comment_info":0,"uagb_excerpt":"Anterior Siguiente Moradas Textiles, reuni\u00f3 a personas diversas en un espacio de cuidados, de manera de poder compartir experiencias migratorias, alegr\u00edas y desaf\u00edos en el nuevo territorio cultural, geogr\u00e1fico y emocional. Posteriormente, se investig\u00f3 de manera participativa junto a las asistentes los diferentes procesos de confecci\u00f3n de mu\u00f1ecas\/os, as\u00ed como, otras t\u00e9cnicas que ellas han&hellip;","_links":{"self":[{"href":"https:\/\/almacigasociocultural.org\/index.php\/wp-json\/wp\/v2\/pages\/2763"}],"collection":[{"href":"https:\/\/almacigasociocultural.org\/index.php\/wp-json\/wp\/v2\/pages"}],"about":[{"href":"https:\/\/almacigasociocultural.org\/index.php\/wp-json\/wp\/v2\/types\/page"}],"author":[{"embeddable":true,"href":"https:\/\/almacigasociocultural.org\/index.php\/wp-json\/wp\/v2\/users\/1"}],"replies":[{"embeddable":true,"href":"https:\/\/almacigasociocultural.org\/index.php\/wp-json\/wp\/v2\/comments?post=2763"}],"version-history":[{"count":17,"href":"https:\/\/almacigasociocultural.org\/index.php\/wp-json\/wp\/v2\/pages\/2763\/revisions"}],"predecessor-version":[{"id":2838,"href":"https:\/\/almacigasociocultural.org\/index.php\/wp-json\/wp\/v2\/pages\/2763\/revisions\/2838"}],"wp:attachment":[{"href":"https:\/\/almacigasociocultural.org\/index.php\/wp-json\/wp\/v2\/media?parent=2763"}],"curies":[{"name":"wp","href":"https:\/\/api.w.org\/{rel}","templated":true}]}}

<div data-elementor-type="wp-page" data-elementor-id="2763" class="elementor elementor-2763">
									<section class="elementor-section elementor-top-section elementor-element elementor-element-0e3f8dd elementor-section-boxed elementor-section-height-default elementor-section-height-default" data-id="0e3f8dd" data-element_type="section">
						<div class="elementor-container elementor-column-gap-default">
					<div class="elementor-column elementor-col-66 elementor-top-column elementor-element elementor-element-d9f07db" data-id="d9f07db" data-element_type="column">
			<div class="elementor-widget-wrap elementor-element-populated">
								<div class="elementor-element elementor-element-a8fcaaa elementor-arrows-position-inside elementor-pagination-position-outside elementor-widget elementor-widget-image-carousel" data-id="a8fcaaa" data-element_type="widget" data-settings="{&quot;slides_to_show&quot;:&quot;1&quot;,&quot;navigation&quot;:&quot;both&quot;,&quot;autoplay&quot;:&quot;yes&quot;,&quot;pause_on_hover&quot;:&quot;yes&quot;,&quot;pause_on_interaction&quot;:&quot;yes&quot;,&quot;autoplay_speed&quot;:5000,&quot;infinite&quot;:&quot;yes&quot;,&quot;effect&quot;:&quot;slide&quot;,&quot;speed&quot;:500}" data-widget_type="image-carousel.default">
				<div class="elementor-widget-container">
			<style>/*! elementor - v3.12.2 - 23-04-2023 */
.elementor-widget-image-carousel .swiper,.elementor-widget-image-carousel .swiper-container{position:static}.elementor-widget-image-carousel .swiper-container .swiper-slide figure,.elementor-widget-image-carousel .swiper .swiper-slide figure{line-height:inherit}.elementor-widget-image-carousel .swiper-slide{text-align:center}.elementor-image-carousel-wrapper:not(.swiper-container-initialized) .swiper-slide,.elementor-image-carousel-wrapper:not(.swiper-initialized) .swiper-slide{max-width:calc(100% / var(--e-image-carousel-slides-to-show, 3))}</style>		<div class="elementor-image-carousel-wrapper swiper" dir="ltr">
			<div class="elementor-image-carousel swiper-wrapper">
								<div class="swiper-slide"><figure class="swiper-slide-inner"><img decoding="async" class="swiper-slide-image" src="https://almacigasociocultural.org/wp-content/uploads/2024/03/Cartel-02-6x4-1.jpg" alt="Cartel 02 6x4" /></figure></div><div class="swiper-slide"><figure class="swiper-slide-inner"><img decoding="async" class="swiper-slide-image" src="https://almacigasociocultural.org/wp-content/uploads/2024/03/Cartel-01-6x4-1.jpg" alt="Cartel 01 6x4" /></figure></div>			</div>
												<div class="swiper-pagination"></div>
													<div class="elementor-swiper-button elementor-swiper-button-prev">
						<i aria-hidden="true" class="eicon-chevron-left"></i>						<span class="elementor-screen-only">Previous</span>
					</div>
					<div class="elementor-swiper-button elementor-swiper-button-next">
						<i aria-hidden="true" class="eicon-chevron-right"></i>						<span class="elementor-screen-only">Next</span>
					</div>
									</div>
				</div>
				</div>
					</div>
		</div>
				<div class="elementor-column elementor-col-33 elementor-top-column elementor-element elementor-element-fa2f017" data-id="fa2f017" data-element_type="column">
			<div class="elementor-widget-wrap elementor-element-populated">
								<div class="elementor-element elementor-element-71fc363 elementor-widget elementor-widget-text-editor" data-id="71fc363" data-element_type="widget" data-widget_type="text-editor.default">
				<div class="elementor-widget-container">
			<style>/*! elementor - v3.12.2 - 23-04-2023 */
.elementor-widget-text-editor.elementor-drop-cap-view-stacked .elementor-drop-cap{background-color:#69727d;color:#fff}.elementor-widget-text-editor.elementor-drop-cap-view-framed .elementor-drop-cap{color:#69727d;border:3px solid;background-color:transparent}.elementor-widget-text-editor:not(.elementor-drop-cap-view-default) .elementor-drop-cap{margin-top:8px}.elementor-widget-text-editor:not(.elementor-drop-cap-view-default) .elementor-drop-cap-letter{width:1em;height:1em}.elementor-widget-text-editor .elementor-drop-cap{float:left;text-align:center;line-height:1;font-size:50px}.elementor-widget-text-editor .elementor-drop-cap-letter{display:inline-block}</style>				<p><strong>Moradas Textiles</strong>, reunió a personas diversas en un espacio de cuidados, de manera de poder compartir experiencias migratorias, alegrías y desafíos en el nuevo territorio cultural, geográfico y emocional.</p><p>Posteriormente, se investigó de manera participativa junto a las asistentes los diferentes procesos de confección de muñecas/os, así como, otras técnicas que ellas han conocido como herencia de sus familias y propias culturas. Este proceso creativo permitió desarrollar al máximo la reflexión y la empatía en un ambiente positivo para compartir técnicas y saberes en el diálogo permanente, y contó con la mediación de las profesionales de Almáciga. Finalmente, se propone elaborar una muñeca quitapenas con telas más orgánicas, nobles y con poco tratamiento industrial. Y se ha teñido los textiles con tintes naturales de origen vegetal.</p>						</div>
				</div>
					</div>
		</div>
							</div>
		</section>
							</div>

<p>Anterior Siguiente Moradas Textiles, reunió a personas diversas en un espacio de cuidados, de manera de poder compartir experiencias migratorias, alegrías y desafíos en el nuevo territorio cultural, geográfico y emocional. Posteriormente, se investigó de manera participativa junto a las asistentes los diferentes procesos de confección de muñecas/os, así como, otras técnicas que ellas han &hellip; </p>
<p class="link-more"><a href="https://almacigasociocultural.org/index.php/moradas-textiles-r/" class="more-link">Read more<span class="screen-reader-text"> &#8220;MORADAS&#8221;</span></a></p>

Anterior Siguiente Moradas Textiles, reunió a personas diversas en un espacio de cuidados, de manera de poder compartir experiencias migratorias, alegrías y desafíos en el nuevo territorio cultural, geográfico y emocional. Posteriormente, se investigó de manera participativa junto a las asistentes los diferentes procesos de confección de muñecas/os, así como, otras técnicas que ellas han&hellip;
